.
-3
What is -1 + 4 - (-2 + 1)?
4
(-1 - -2) + 6 - 13
-6
Calculate (25 - 22) + (-1 - 7) + 10.
5
Evaluate -3 - -3 - -2 - -3 - 7.
-2
Calculate (-5 - (-5 + 4)) + 3.
-1
What is -2 + 0 + (-5 - -2)?
-5
Calculate 1 + (-1 - (-8 + 6)) + -5.
-3
What is 1 + 1 - (4 - 1)?
-1
Evaluate -7 - -15 - (6 - 0).
2
What is (3 - 5 - -4) + -1?
1
Evaluate -5 + 2 + 2 - (10 - 7).
-4
Evaluate 2 + (-2 + -15 + 7 - -4).
-4
What is the value of 12 + 11 + -6 + -15 + 6?
8
(-6 - -6) + -1 + 2 + 0
1
What is 2 + -1 + (0 - (4 + -2))?
-1
Calculate (-10 - 0) + 10 + (-7 - -8).
1
What is the value of -3 + (11 - (-3 + -2 + 10))?
3
What is the value of -1 + 1 + (-59 - -54)?
-5
What is 2 + (1 - -1) + (-164 - -168)?
8
Calculate (0 - -3) + -2 - (2 + 0).
-1
Calculate -2 - (0 - (-8 + -6 - -7)).
-9
7 - -2 - (-17 - -27)
-1
Evaluate -4 + (11 - 1) - 3.
3
What is -6 + (-4 - -1) + 11?
2
(-4 + 2 + -6 - -4) + 6
2
Calculate -5 + (2 - -4) + 3.
4
Calculate (9 - (-3 + 4)) + -3.
5
What is -2 - (9 - 5) - (-6 + 1)?
-1
Evaluate (0 - -1) + (13 - (7 - -9)).
-2
Calculate 1 + -3 + 7 - 1.
4
What is 13 - 1 - ((8 - -5) + -8)?
7
Calculate 0 + -6 - (-8 - -1) - -6.
7
3 - (-3 - -7) - 0
-1
Evaluate (-10 - -6) + 1 + 0.
-3
Calculate (11 - 6 - 7) + -3.
-5
Calculate (3 + -2 - 0) + (-5 - -11).
7
Evaluate -2 + (-2 + 5 - -1) - -3.
5
Evaluate (-1 + 0 - 2) + (4 - 2).
-1
Calculate 3 - -4 - 6 - (4 - 2).
-1
What is -1 - (-3 + 0 + -7 + 7)?
2
Evaluate 0 - (1 - -2 - (-1 - -2)).
-2
What is (7 + -4 - 3) + 1 + 1?
2
What is 2 - -3 - (4 + 0 + -1)?
2
6 - 5 - 10 - -6
-3
What is the value of (5 - -2 - 3) + (-4 - -1)?
1
What is 1 + 3 + -7 + 7 - 0?
4
Calculate 8 + 3 + -3 - 7.
1
What is the value of -8 - (3 - 20 - -6)?
3
Calculate (16 - -1) + -7 + -4.
6
Evaluate 4 + (3 - (19 - 7)).
-5
Evaluate 3 - (-2 + (3 - 0)).
2
Evaluate 1 + (-1 - -2) + -10 + 7.
-1
What is the value of -4 + (9 - (9 - 1))?
-3
Evaluate -5 - (-6 + (-7 - -8)).
0
Evaluate (43 - 49) + (-3 - -15).
6
Evaluate (4 + -1 - 6 - -2) + 3.
2
What is the value of -6 - (1 - (-1 - 0 - -5))?
-3
Evaluate 4 - (4 - 1 - (-8 + 8)).
1
(2 - 7) + -98 + 101
-2
Evaluate -1 + -6 - (15 - 16).
-6
What is the value of -1 + 7 - (-32 - -33)?
5
What is 2 + (1 - 0) - (-10 - -18)?
-5
What is -3 - (1 - (5 + -3) - 0)?
-2
What is 3 + (-1 + -2 - 4)?
-4
What is -2 + -12 + 8 + 2 + 6?
2
1 - ((-10 - -19) + -12)
4
(21 + -38 - -22) + 1 + 0
6
Calculate 67 - 69 - (-5 - 2).
5
Evaluate 7 - (1 + -3) - (-4 - -10).
3
What is 0 + 5 - (14 - 19 - -4)?
6
7 + -6 + (-1 - -2)
2
What is the value of 6 - (-12 + 6 - -8)?
4
What is (22 - 19) + 2 + -3?
2
What is the value of 6 + -7 + 9 + -1 - 13?
-6
Calculate 1 - (5 - (-4 - (1 - 4))).
-5
What is (0 - 7) + (2 - 11 - -12)?
-4
What is the value of -1 - (5 + -16 + 5)?
5
Calculate 9 - (-1 + 3 + 5).
2
Evaluate (-1 - 1) + 1 + (-5 - -2).
-4
-4 - -1 - ((5 - 2) + -1)
-5
What is the value of (-13 - -15) + 4 + -8?
-2
-4 - -3 - (-1 - -2)
-2
What is the value of (7 - (5 - 7)) + -9?
0
(3 - 9) + -5 - -7
-4
What is the value of -3 + (-13 - -15 - (-1 - -4))?
-4
(0 - 7) + -2 + 2 + 5
-2
Evaluate -7 + 1 + -1 + 5.
-2
What is the value of 0 + (3 + -3 - -5) + -3?
2
Calculate 5 + (-7 - 14) - -5 - -3.
-8
Evaluate -5 - ((-3 - 0) + (-1 - 1)).
0
What is the value of 6 - 4 - (4 + -9)?
7
Evaluate -2 + 11 + -4 - 1.
4
7 + (-5 - 2) + 1 + 0
1
5 + (0 - (2 - 1))
4
What is 0 + (0 - 9) + 13?
4
-1 - 0 - (-3 + -1) - 0
3
What is 41 + -35 - (12 - -2)?
-8
What is 3 + (-3 - (-6 + 5 - 0))?
1
Calculate 4 - ((-3 - 5) + 11) - -2.
3
What is -1 + 1 - -5 - (27 + -25)?
3
Evaluate -1 + 2 + 11 + -9 - 2.
1
Evaluate (2 - -2) + (2 - -3 - 4).
5
What is -16 - (-8 + (6 - 5))?
-9
-39 + 33 + (9 - 0)
3
-10 + (1 - (1 + -3)) - -2
-5
Evaluate -2 - (-3 - -7) - (-30 + 26).
-2
Evaluate -1 + 0 + 0 - (-1 - -3).
-3
What is the value of 9 - -1 - (6 + -1)?
5
Calculate -9 - (-21 + 8 + 5).
-1
Evaluate (-4 - -1) + 9 + -6.
0
Calculate 9 + (2 - (-6 + 5 - -6)).
6
Calculate 7 + -3 + 1 + -3.
2
(8 - (13 - -1)) + 6
0
Calculate (-6 + 3 - 14) + (-11 - -19).
-9
Evaluate -8 - (-4 - (-7 - -7)).
-4
What is (-1 - 2) + (7 - 2)?
2
What is the value of 16 + (9 - 6 - 13)?
6
-11 + 14 - 3 - -3
3
Evaluate -2 + -1 + (-2 - -2).
-3
Calculate 3 + (-4 - -4) + 2.
5
Evaluate -1 - 0 - (-4 + -4 - -5).
2
Evaluate -2 + 4 + -9 + 11.
4
What is 3 - (9 + (-5 - -1))?
-2
What is the value of 12 - 0 - (4 + -6 + 6)?
8
Evaluate 5 + 5 + -15 + 1.
-4
(-2 - -1) + (-1 - -7)
5
2 + (1 - (-1 - -1))
3
What is 10 - ((-4 - -9) + 2)?
3
4 - ((16 - 4) + -6) - -6
4
Calculate (-1 - -5) + -4 + (1 - 1).
0
What is -1 + 0 + 1 + (2 - 1)?
1
What is the value of (13 - 2) + (-20 - -9)?
0
What is the value of 1 - (5 + 7 + -6 - 5)?
0
What is the value of -5 + ((-2 - 1) + -2 - 0)?
-10
What is -3 + (-1 - 5) - (-1 + -4)?
-4
Calculate (1 - 2) + -1 + -8 + 6.
-4
What is -13 + 12 + (2 - -1) + -3?
-1
10 - 3 - (4 - 8 - -6)
5
Evaluate (2 - -1) + (-10 - (2 - 5)).
-4
What is 0 + (5 - 4) + 3?
4
What is the value of 0 + (3 + 0 - -1)?
4
Calculate (5 - 9) + (-4 - (-3 - 8)).
3
-8 - (-2 - (0 - -2))
-4
What is the value of (4 - 1) + 0 + -4 - 0?
-1
Evaluate 3 - (0 - (-2 - 1)).
0
Calculate -4 + 0 + 7 + -3 + 3.
3
What is the value of -1 + -2 + 19 + -11 + -15?
-10
Calculate -13 - -11 - (-1 - -2).
-3
Calculate 0 - (2 + 1 + -2).
-1
What is -2 + -4 + 0 + 3?
-3
What is the value of 11 + (4 - 14) + -4?
-3
What is 5 - 4 - (2 + -10 + 2)?
7
What is 3 - (-5 + 9 + 4)?
-5
What is -1 + 2 - (14 + -4 - 14)?
5
What is the value of -94 + 97 + (0 - 5)?
-2
What is the value of -8 + -6 + 12 + 4?
2
What is the value of (-8 - 5 - -6) + 5?
-2
Calculate -1 - (3 - 4) - -1.
1
What is -7 + (-3 + -2 - -2 - -2)?
-8
What is the value of -4 - 1 - -2 - (-4 - -3)?
-2
What is (-15 + 2 - -13) + -1?
-1
-2 + -1 - (-7 + 9 + -8)
3
Calculate -15 + (12 - 10) + 6.
-7
What is the value of 6 + -1 + -38 + 30 - -2?
-1
What is the value of 0 + -4 - (1 + 0)?
-5
Calculate 11 - (2 + (14 - 9)).
4
What is the value of (-7 - 1) + -29 + 33?
-4
What is the value of (13 - 13 - (-1 + 2)) + -2?
-3
0 + 1 + 5 + -8
-2
What is the value of -5 - (-2 + 4) - -5?
-2
What is the value of 3 + -2 - (1 - -3)?
-3
What is 0 + -7 - (2 - (-6 + 13))?
-2
What is the value of -8 + 3 + -12 + 10?
-7
Calculate (3 - -5) + -7 + -4.
-3
Evaluate 4 - (3 + -2) - (29 + -27).
1
What is the value of -6 - (-1 - -4) - -12?
3
What is the value of 1 - (-5 - 0 - 0)?
6
Evaluate -5 + 7 + -4 + 5.
3
Evaluate 3 + (5 - (-1 - -2 - 2)).
9
What is the value of (1 - -1) + -1 + -3 + 5?
3
8 + 0 - (-9 + 14)
3
1 - -5 - (4 + 2)
0
2 - 0 - (-3 + 2)
3
What is the value of (4 - 3) + -8 + 3?
-4
Evaluate -5 + (-3 - -5) - 1.
-4
What is the value of (-13 - -16) + (1 - 1) + -2?
1
Evaluate 9 - (-12 - (-39 + 10)).
-8
What is the value of (5 - (1 + -2 + 2)) + -1?
3
What is (-1 - -4) + (-4 - -4)?
3
What is -1 + 0 + (2 - 0) - -2?
3
-2 + -1 + 14 + -8
3
(-1 - 2) + (11 - (-2 + 5))
5
Calculate -2 + (-18 + 23 - (1 + -6)).
8
Evaluate 0 + (2 - 2) - 3.
-3
3 + 13 + -7 + -4
5
Calculate 2 + -1 + (6 - 5).
2
What is the value of 1 + -2 - (-4 - -1)?
2
What is 7 + -4 - (2 + 1 + -2)?
2
What is 1 - (4 + -5 + (1 - 1))?
2
-2 - -5 - (-5 - (-11 - -4))
1
What is -5 - 7 - (0 - 19)?
7
What is -4 + 13 - (6 - 0)?
3
What is the value of (-1 + 5 - 4) + -7 + 4?
-3
What is 4 + 0 + (-3 - 0) + 3?
4
What is the value of -3 + (1 - -6) + 2?
6
-10 + 14 - (17 + -8)
-5
Evaluate 10 + -16 + 9 - 6.
-3
Evaluate 2 - (-21 - -11 - -6).
6
What is 10 + -10 - 7 - -11?
4
What is -26 + 13 + 17 + (0 - 4)?
0
What is 7 - ((3 - 6) + 8)?
2
Evaluate -2 + 1 + (-266 - -278).
11
What is the value of 6 - ((3 - 2) + 1) - 5?
-1
What is the value of 2 - (1 + (-5 + 3 - -2))?
1
17 - 11 - (2 + 1)
3
2 + (6 - (-2 - -10))
0
What is the value of -2 + -2 - -8 - 0?
4
Evaluate 12 - 0 - (286 + -273).
-1
Calculate (6 - (1 + 2 - 1)) + -2.
2
What is 2 + -1 - ((-3 - -1) + 2)?
1
What is 5 + (-38 + 42 - (1 + 4))?
4
(8 - (14 + -4)) + 3
1
What is the value of -3 - (4 - (5 + 0))?
-2
What is 6 - (4 - 1) - 3?
0
What is 2 + (-1 - (2 - -2) - -4)?
1
What is -1 + -4 + -2 + (7 - 2)?
-2
Calculate 5 + -1 + -3 + -3 + 1.
-1
What is (-5 - -7) + 6 + -7?
1
What is -2 + 0 + 0 + (0 - -1)?
-1
What is the value of -7 + (4 - 6 - -3) + 2?
-4
Calculate (-3 - (-6 - -8)) + 3 + -2.
-4
What is the value of 3 + -12 + (6 - -4)?
1
Calculate 3 + -3 - (-1 - -8 - 2).
-5
12 + 11 + -12 + -21
-10
0 - 5 - -8 - (1 + 2)
0
What is -3 - ((0 - 2) + -13 + 16)?
-4
What is -9 + 10 + -1 + (1 - 0)?
